{"id":9309,"date":"2024-03-15T18:47:06","date_gmt":"2024-03-15T18:47:06","guid":{"rendered":"https:\/\/masterdance.academy\/sklep\/?post_type=product&#038;p=9309"},"modified":"2026-02-02T12:35:55","modified_gmt":"2026-02-02T12:35:55","slug":"bluza-rozowa-z-kapturem-master-dance-2","status":"publish","type":"product","link":"https:\/\/masterdance.academy\/sklep\/bluza-rozowa-z-kapturem-master-dance-2\/","title":{"rendered":"Bluza R\u00f3\u017cowa z kapturem MASTER DANCE"},"content":{"rendered":"","protected":false},"excerpt":{"rendered":"<p>Bluza R\u00f3\u017cowa z kapturem MASTER DANCE<br \/>\n<strong>Kolor:<\/strong> r\u00f3\u017cowy<\/p>\n<p><strong>Wz\u00f3r:<\/strong> haft, logo MASTER DANCE Academy<\/p>\n<p><strong>Kr\u00f3j:<\/strong> Unisex<\/p>\n<p><strong>Materia\u0142: <\/strong>80% bawe\u0142na, 20% poliester<\/p>\n","protected":false},"author":1,"featured_media":9280,"template":"","meta":[],"product_cat":[51],"product_tag":[],"class_list":{"0":"post-9309","1":"product","2":"type-product","3":"status-publish","4":"has-post-thumbnail","6":"product_cat-bluzy","8":"first","9":"instock","10":"taxable","11":"shipping-taxable","12":"purchasable","13":"product-type-variable"},"_links":{"self":[{"href":"https:\/\/masterdance.academy\/sklep\/wp-json\/wp\/v2\/product\/9309","targetHints":{"allow":["GET"]}}],"collection":[{"href":"https:\/\/masterdance.academy\/sklep\/wp-json\/wp\/v2\/product"}],"about":[{"href":"https:\/\/masterdance.academy\/sklep\/wp-json\/wp\/v2\/types\/product"}],"author":[{"embeddable":true,"href":"https:\/\/masterdance.academy\/sklep\/wp-json\/wp\/v2\/users\/1"}],"wp:featuredmedia":[{"embeddable":true,"href":"https:\/\/masterdance.academy\/sklep\/wp-json\/wp\/v2\/media\/9280"}],"wp:attachment":[{"href":"https:\/\/masterdance.academy\/sklep\/wp-json\/wp\/v2\/media?parent=9309"}],"wp:term":[{"taxonomy":"product_cat","embeddable":true,"href":"https:\/\/masterdance.academy\/sklep\/wp-json\/wp\/v2\/product_cat?post=9309"},{"taxonomy":"product_tag","embeddable":true,"href":"https:\/\/masterdance.academy\/sklep\/wp-json\/wp\/v2\/product_tag?post=9309"}],"curies":[{"name":"wp","href":"https:\/\/api.w.org\/{rel}","templated":true}]}}