{"id":12388,"date":"2026-04-28T22:39:39","date_gmt":"2026-04-28T22:39:39","guid":{"rendered":"https:\/\/masterdance.academy\/sklep\/?post_type=product&#038;p=12388"},"modified":"2026-04-28T22:52:24","modified_gmt":"2026-04-28T22:52:24","slug":"koncert-letni-2026-godz-1945","status":"publish","type":"product","link":"https:\/\/masterdance.academy\/sklep\/koncert-letni-2026-godz-1945\/","title":{"rendered":"Koncert Letni 2026 godz. 19:45"},"content":{"rendered":"<p><\/p><p>data: 15.06.2026 (poniedzia\u0142ek), godzina: 19:45<br>lokalizacja: Ursynowskie Centrum Kultury &#8222;Alternatywy&#8221;, Indiry Gandhi 9, 02-776 Warszawa<\/p><p><\/p><p><\/p><p><strong>Bilety wraz z kodem QR otrzymasz mailowo po op\u0142aceniu i zatwierdzeniu zam\u00f3wienia.<\/strong><\/p><p>Kod QR nale\u017cy okaza\u0107 przy wej\u015bciu na wydarzenie.<\/p><p>Bilety nie podlegaj\u0105 zwrotowi.<\/p><p>Doch\u00f3d ze sprzeda\u017cy bilet\u00f3w zostanie przeznaczony na pokrycie koszt\u00f3w organizacji wydarzenia.<\/p>","protected":false},"excerpt":{"rendered":"<p>data: 15.06.2026 (poniedzia\u0142ek), godzina: 19:45lokalizacja: Ursynowskie Centrum Kultury &#8222;Alternatywy&#8221;, Indiry Gandhi 9, 02-776 Warszawa Bilety wraz z kodem QR otrzymasz mailowo po op\u0142aceniu i zatwierdzeniu zam\u00f3wienia. Kod QR nale\u017cy okaza\u0107 przy wej\u015bciu na wydarzenie. Bilety nie podlegaj\u0105 zwrotowi. Doch\u00f3d ze sprzeda\u017cy bilet\u00f3w zostanie przeznaczony na pokrycie koszt\u00f3w organizacji wydarzenia.<\/p>\n","protected":false},"author":1,"featured_media":12395,"template":"","meta":[],"product_cat":[55],"product_tag":[],"class_list":{"0":"post-12388","1":"product","2":"type-product","3":"status-publish","4":"has-post-thumbnail","6":"product_cat-bilety-na-wydarzenia","7":"product_shipping_class-free-shipping","9":"first","10":"instock","11":"purchasable","12":"product-type-variable"},"_links":{"self":[{"href":"https:\/\/masterdance.academy\/sklep\/wp-json\/wp\/v2\/product\/12388","targetHints":{"allow":["GET"]}}],"collection":[{"href":"https:\/\/masterdance.academy\/sklep\/wp-json\/wp\/v2\/product"}],"about":[{"href":"https:\/\/masterdance.academy\/sklep\/wp-json\/wp\/v2\/types\/product"}],"author":[{"embeddable":true,"href":"https:\/\/masterdance.academy\/sklep\/wp-json\/wp\/v2\/users\/1"}],"wp:featuredmedia":[{"embeddable":true,"href":"https:\/\/masterdance.academy\/sklep\/wp-json\/wp\/v2\/media\/12395"}],"wp:attachment":[{"href":"https:\/\/masterdance.academy\/sklep\/wp-json\/wp\/v2\/media?parent=12388"}],"wp:term":[{"taxonomy":"product_cat","embeddable":true,"href":"https:\/\/masterdance.academy\/sklep\/wp-json\/wp\/v2\/product_cat?post=12388"},{"taxonomy":"product_tag","embeddable":true,"href":"https:\/\/masterdance.academy\/sklep\/wp-json\/wp\/v2\/product_tag?post=12388"}],"curies":[{"name":"wp","href":"https:\/\/api.w.org\/{rel}","templated":true}]}}