{"id":1004,"date":"2020-10-09T13:39:05","date_gmt":"2020-10-09T13:39:05","guid":{"rendered":"http:\/\/shoptimizer.local\/?page_id=848"},"modified":"2023-01-20T13:36:59","modified_gmt":"2023-01-20T13:36:59","slug":"o-nas","status":"publish","type":"page","link":"https:\/\/masterdance.academy\/sklep\/o-nas\/","title":{"rendered":"O nas"},"content":{"rendered":"\t\t<div data-elementor-type=\"wp-post\" data-elementor-id=\"1004\" class=\"elementor elementor-1004\">\n\t\t\t\t\t\t<section class=\"elementor-section elementor-top-section elementor-element elementor-element-5f3d6bd elementor-section-stretched elementor-section-boxed elementor-section-height-default elementor-section-height-default\" data-id=\"5f3d6bd\" data-element_type=\"section\" data-settings=\"{&quot;stretch_section&quot;:&quot;section-stretched&quot;,&quot;background_background&quot;:&quot;classic&quot;}\">\n\t\t\t\t\t\t<div class=\"elementor-container elementor-column-gap-no\">\n\t\t\t\t\t<div class=\"elementor-column elementor-col-100 elementor-top-column elementor-element elementor-element-5710b25 element-wrapper elementor-invisible\" data-id=\"5710b25\" data-element_type=\"column\" data-settings=\"{&quot;background_background&quot;:&quot;classic&quot;,&quot;animation&quot;:&quot;fadeIn&quot;,&quot;animation_delay&quot;:450}\">\n\t\t\t<div class=\"elementor-widget-wrap elementor-element-populated\">\n\t\t\t\t\t\t<div class=\"elementor-element elementor-element-1ffca8b elementor-widget elementor-widget-heading\" data-id=\"1ffca8b\" data-element_type=\"widget\" data-widget_type=\"heading.default\">\n\t\t\t\t<div class=\"elementor-widget-container\">\n\t\t\t\t\t<h1 class=\"elementor-heading-title elementor-size-default\">Poznaj nas bli\u017cej\u200b<\/h1>\t\t\t\t<\/div>\n\t\t\t\t<\/div>\n\t\t\t\t\t<\/div>\n\t\t<\/div>\n\t\t\t\t\t<\/div>\n\t\t<\/section>\n\t\t\t\t<section class=\"elementor-section elementor-top-section elementor-element elementor-element-46c65cd elementor-section-stretched elementor-section-boxed elementor-section-height-default elementor-section-height-default\" data-id=\"46c65cd\" data-element_type=\"section\" data-settings=\"{&quot;stretch_section&quot;:&quot;section-stretched&quot;,&quot;background_background&quot;:&quot;classic&quot;}\">\n\t\t\t\t\t\t<div class=\"elementor-container elementor-column-gap-no\">\n\t\t\t\t\t<div class=\"elementor-column elementor-col-100 elementor-top-column elementor-element elementor-element-33511e1 element-wrapper elementor-invisible\" data-id=\"33511e1\" data-element_type=\"column\" data-settings=\"{&quot;background_background&quot;:&quot;classic&quot;,&quot;animation&quot;:&quot;fadeIn&quot;,&quot;animation_delay&quot;:450}\">\n\t\t\t<div class=\"elementor-widget-wrap elementor-element-populated\">\n\t\t\t\t\t\t<div class=\"elementor-element elementor-element-ea40e73 elementor-widget elementor-widget-text-editor\" data-id=\"ea40e73\" data-element_type=\"widget\" data-widget_type=\"text-editor.default\">\n\t\t\t\t<div class=\"elementor-widget-container\">\n\t\t\t\t\t\t\t\t\t<p><strong>Master Dance Academy to szko\u0142a ta\u0144ca stworzona przez Mistrz\u00f3w dla przysz\u0142ych Mistrz\u00f3w. Szeroki wachlarz styl\u00f3w tanecznych I poziom\u00f3w zaawansowania sprawia, \u017ce u nas ka\u017cdy znajdzie co\u015b dla siebie. Nie wa\u017cne czy jeste\u015b ju\u017c do\u015bwiadczonym tancerzem I Twoim celem jest zdobywanie coraz wy\u017cszych lokat na zawodach, czy szukasz dopiero swojej pierwszej lekcji ta\u0144ca.<\/strong><\/p><p>\u00a0<\/p><p><em>Do jako\u015bci nauczania ta\u0144ca podchodzimy bezkompromisowo, dlatego stawiamy naszym instruktorom bardzo wysokie wymagania. Trenerzy, kt\u00f3rzy pracuj\u0105 z naszymi podopiecznymi to profesjonalni tancerze teatralni I komercyjni, zdobywcy tytu\u0142\u00f3w Mistrza \u015awiata I do\u015bwiadczeni pedagodzy ta\u0144ca. Uwa\u017camy \u017ce tylko prawdziwy Mistrz jest w stanie nauczy\u0107 umiej\u0119tno\u015bci I nawyk\u00f3w niezb\u0119dnych przysz\u0142ym Mistrzom.<\/em><\/p><p>\u00a0<\/p><p><strong>Master Dance Academy to r\u00f3wnie\u017c Master Teams<\/strong>\u00a0\u2013 zespo\u0142y turniejowe, startuj\u0105ce w zawodach og\u00f3lnopolskich I \u015bwiatowych. Nasi tancerze kszta\u0142c\u0105 si\u0119 w stylach jazz, modern, show dance I balet. Jeste\u015bmy cz\u0119\u015bci\u0105 Polskiej Federacji Ta\u0144ca (PFT) i World Artistic Dance Federation (WADF).<\/p><p>\u00a0<\/p><p><strong>MASTER DANCE ACADEMY TO:<\/strong><\/p><ul><li>Taniec sportowy i teatralny, akrobatyka, rozw\u00f3j kreatywno\u015bci i rozw\u00f3j artystyczny<\/li><li>Instruktorzy i zaj\u0119cia na \u015bwiatowym poziomie \u2013 od Mistrz\u00f3w dla przysz\u0142ych Mistrz\u00f3w<\/li><li>Pe\u0142ny, bezpieczny i zr\u00f3wnowa\u017cony rozw\u00f3j \u2013 w swoim w\u0142asnym tempie, jednak tak szybko jak to mo\u017cliwe!<\/li><li>program zaj\u0119\u0107 dostosowany do wieku, umiej\u0119tno\u015bci i poziomu rozwoju motorycznego m\u0142odych tancerzy<\/li><li>szeroki wachlarz styl\u00f3w ta\u0144ca pozwala dobra\u0107 \u0107wiczenia, technik\u0119 wspomagaj\u0105c\u0105 i \u015bcie\u017ck\u0119 rozwoju najlepsz\u0105 dla ka\u017cdego ucznia<\/li><li>przygotowanie tancerzy do pierwszych wyst\u0119p\u00f3w na scenie, zawod\u00f3w, mistrzostw, oraz do audycji do szk\u00f3\u0142 i teatr\u00f3w.<\/li><\/ul><p>\u00a0<\/p><p><strong>NASZE WARTO\u015aCI:<\/strong><\/p><ul><li>Pasja<\/li><li>Zaanga\u017cowanie<\/li><li>Samodoskonalenie<\/li><li>Pokora<\/li><li>Wytrwa\u0142o\u015b\u0107<\/li><li>Si\u0142a charakteru<\/li><li>Pi\u0119kno<\/li><li>Szacunek \u2013 do publiczno\u015bci, do innych tancerzy, oraz do wspania\u0142ego instrumentu, jakim jest ludzkie cia\u0142o<\/li><\/ul><p>\u00a0<\/p><p><strong>NASZA MISJA:<\/strong><\/p><p>Misj\u0105 Master Dance Academy jest kszta\u0142towanie kolejnych pokole\u0144 wszechstronnych, \u015bwiadomych tancerzy-artyst\u00f3w, kt\u00f3rzy swoj\u0105 pasj\u0105 I doskona\u0142ym warsztatem inspiruj\u0105 ludzi wok\u00f3\u0142 siebie.<\/p>\t\t\t\t\t\t\t\t<\/div>\n\t\t\t\t<\/div>\n\t\t\t\t\t<\/div>\n\t\t<\/div>\n\t\t\t\t\t<\/div>\n\t\t<\/section>\n\t\t\t\t<\/div>\n\t\t","protected":false},"excerpt":{"rendered":"<p>Poznaj nas bli\u017cej\u200b Master Dance Academy to szko\u0142a ta\u0144ca stworzona przez Mistrz\u00f3w dla przysz\u0142ych Mistrz\u00f3w. Szeroki wachlarz styl\u00f3w tanecznych I poziom\u00f3w zaawansowania sprawia, \u017ce u nas ka\u017cdy znajdzie co\u015b dla siebie. Nie wa\u017cne czy jeste\u015b ju\u017c do\u015bwiadczonym tancerzem I Twoim celem jest zdobywanie coraz wy\u017cszych lokat na zawodach, czy szukasz dopiero swojej pierwszej lekcji ta\u0144ca. [&hellip;]<\/p>\n","protected":false},"author":1,"featured_media":0,"parent":0,"menu_order":0,"comment_status":"closed","ping_status":"closed","template":"template-fullwidth-no-heading.php","meta":{"footnotes":""},"class_list":["post-1004","page","type-page","status-publish","hentry"],"_links":{"self":[{"href":"https:\/\/masterdance.academy\/sklep\/wp-json\/wp\/v2\/pages\/1004","targetHints":{"allow":["GET"]}}],"collection":[{"href":"https:\/\/masterdance.academy\/sklep\/wp-json\/wp\/v2\/pages"}],"about":[{"href":"https:\/\/masterdance.academy\/sklep\/wp-json\/wp\/v2\/types\/page"}],"author":[{"embeddable":true,"href":"https:\/\/masterdance.academy\/sklep\/wp-json\/wp\/v2\/users\/1"}],"replies":[{"embeddable":true,"href":"https:\/\/masterdance.academy\/sklep\/wp-json\/wp\/v2\/comments?post=1004"}],"version-history":[{"count":17,"href":"https:\/\/masterdance.academy\/sklep\/wp-json\/wp\/v2\/pages\/1004\/revisions"}],"predecessor-version":[{"id":7345,"href":"https:\/\/masterdance.academy\/sklep\/wp-json\/wp\/v2\/pages\/1004\/revisions\/7345"}],"wp:attachment":[{"href":"https:\/\/masterdance.academy\/sklep\/wp-json\/wp\/v2\/media?parent=1004"}],"curies":[{"name":"wp","href":"https:\/\/api.w.org\/{rel}","templated":true}]}}